f, r - 47 = -2*f. What is the remainder when r is divided by 22?
19
Let y(v) = -v**3 + 9*v**2 + v + 5. Let u = 186 + -145. Calculate the remainder when u is divided by y(9).
13
Suppose 5*r - 125 = -0*r. Let o = 147 + -225. Let s = o - -125. Calculate the remainder when s is divided by r.
22
Let h(v) = 2*v**2 + 26*v + 29. Let x be h(-12). Suppose 4*p - 69 = -4*o + x*p, 3*o - 5*p - 39 = 0. Calculate the remainder when 106 is divided by o.
16
Suppose 5*p = -99 + 94, -44 = -4*v + 4*p. What is the remainder when 237 is divided by v?
7
Let k(f) = -f**3 + 11*f**2 - 6*f + 52. Suppose -5*j + 2*j + 57 = 0. What is the remainder when k(10) is divided by j?
16
Let s(f) = -6*f + 29. Let x be s(-8). Let m = -59 + x. What is the remainder when 87 is divided by m?
15
Let s = -16 + 21. Calculate the remainder when 19 is divided by (-2)/(-1*s/10).
3
Let n(i) be the third derivative of i**6/120 - i**5/60 - i**4/8 - i**3/3 + i**2. Let k be 13/39 + 16/6. Calculate the remainder when 25 is divided by n(k).
4
Let r(t) = t**3 + 5*t**2 + 2*t + 3. Let i = 15 + -18. What is the remainder when 59 is divided by r(i)?
14
Suppose 5*j - 765 = 4*i, 0 = -6*i + 5*i. Calculate the remainder when j is divided by 24.
9
Suppose 5*q = 2*c + 77, -2*q + 38 = -5*c + 3. Suppose -3*i = 4*z - 4*i - 105, 0 = i - 3. Calculate the remainder when z is divided by q.
12
Suppose 0 = 14*p - 11*p - 216. What is the remainder when 133 is divided by p?
61
Calculate the remainder when -4*(-5)/10 - -46 is divided by 15.
3
Suppose -685 = -3*s - 31. Let r = s - 126. Calculate the remainder when r is divided by 31.
30
What is the remainder when (-5)/((-2295)/(-231) - 10) is divided by 30?
17
Let u = -50 - -50. Suppose 5*w = -u*w + 65. What is the remainder when 63 is divided by w?
11
Suppose -9*u + 6 = -7*u. Let k be u - (4/1)/(-4). Let n = k + 10. What is the remainder when n is divided by 4?
2
Let u(b) = b**3 + 15*b**2 - 13*b + 81. What is the remainder when u(-16) is divided by 9?
6
Suppose 4*r + 328 = 4*m, 4*r + 130 = m + 60. What is the remainder when 509 is divided by m?
79
Let z(p) be the third derivative of -p**6/120 - p**5/10 - 5*p**4/24 - 5*p**3/3 - 13*p**2. Calculate the remainder when z(-7) is divided by 38.
36
Let p(x) = 113*x + 75. What is the remainder when p(1) is divided by 28 - ((0 - 2) + 3)?
26
Let x(j) = j**3 + 11*j**2 - 2*j - 2. Let u be x(-11). Let h = u + -22. What is the remainder when 15 is divided by h/4*(3 + -15)?
3
Let z(p) = -2*p**2 - 27*p + 23. Let w be z(-15). What is the remainder when 50 is divided by -5 + w/(-6 + 5)?
16
Let o(n) = 6*n**3 - 2*n**2 + 2*n - 1. Let y be o(1). Suppose 0 = -4*w - y*h + 212, -5*w - 6*h = -h - 260. What is the remainder when w is divided by 10?
8
Let o(m) = m**3 + 9*m**2 + 7*m + 5. Calculate the remainder when (-5)/((-30)/8) + 41856/576 is divided by o(-8).
9
Let w(q) = q + 4. Let d be w(-2). Suppose -d*b = -b - 25. Calculate the remainder when b is divided by ((-15)/(-10))/(3/28).
11
Suppose -2*f = -5*d + 26, 16 = 2*f - 3*f + 4*d. Let b(p) = -5*p - 9. Calculate the remainder when b(f) is divided by (-2)/9 - 148/(-18).
7
Suppose 5*o = -4*d + 38, -5 = -2*o - 3*d + 13. Suppose -k + 23 = -o. Calculate the remainder when 57 is divided by k.
28
Suppose -5*v - 5*k + 100 = 0, 0*v - 4*k - 34 = -2*v. Suppose 4*w - 74 = 14. Suppose w*b = v*b + 198. Calculate the remainder when b is divided by 17.
15
Suppose 2*v - g - 19 = 0, 0 = 5*g - 8 - 7. Let d = v - -17. Calculate the remainder when d is divided by 6.
4
Suppose -3*n = -39 + 15. Let l(m) = m**2 - 9*m + 7. Let y be l(n). Let x = y + 58. What is the remainder when x is divided by 15?
12
Let l be (-9)/12*1*4. Let m(t) = t**2 + 1 - 3*t - t**3 - 3 + 0. Calculate the remainder when m(l) is divided by 11.
10
Let l be -8*(-5 - (-115)/20). Let c(z) = -z**3 - 5*z**2 + 5*z + 3. What is the remainder when 21 is divided by c(l)?
3
Let p = -9 + 94. Let u(z) = 605*z - 6032. What is the remainder when p is divided by u(10)?
13
Calculate the remainder when 254 is divided by 70/3 + (-280)/30 + 10.
14
Let y = -123 - -115. What is the remainder when (-355)/2*y/20 is divided by 18?
17
Calculate the remainder when -7*9/((-81)/549) is divided by 11.
9
Suppose 134 = j + j. Let b = j - 29. Calculate the remainder when b is divided by 10.
8
Let n(p) = -12*p + 239. Suppose d = -3*d + 32. Calculate the remainder when n(18) is divided by d.
7
Suppose h - 5 = -3*b + 6*h, -3*b = 2*h + 2. Suppose 2*k - 24 + 4 = b. What is the remainder when 49 is divided by k?
9
Let g(n) = -13*n**3 + n**2 + n + 1. Let m be -2 + (2/(-2))/(-1). What is the remainder when (2392/161)/(-1 - (-9)/7) is divided by g(m)?
10
Let b = 174 - 48. Suppose b = 5*c - 4*p, 4*c - 2 = -3*p + 74. Calculate the remainder when 65 is divided by c.
21
Suppose -144 = -0*l - 4*l. Let p = l - -44. What is the remainder when p is divided by 28?
24
What is the remainder when 0 + (0 - -105) + -1 is divided by ((-50)/5 - 10) + 47?
23
Suppose 66*a + 114 = 69*a. Calculate the remainder when a is divided by 5.
3
Let o = -2 - -5. Suppose -o*t + 277 = -8. Let b = 50 + -18. Calculate the remainder when t is divided by b.
31
Let c be (-1)/(-3)*(-7 - -7). Suppose 3*k + c*k = 18. What is the remainder when 109 is divided by k/4*2 - -25?
25
Let q = -82 - -82. Calculate the remainder when (-5 - -2 - (q + 0)) + 15 is divided by (-2)/(-4)*(0 + 14).
5
Let d = -37 - -77. Suppose 3*m - 5*a - d = 0, -3*m - 2*a - 3*a = 10. Calculate the remainder when m is divided by 0/2 + 4/2.
1
Let y be ((-15)/10)/((-3)/4). Suppose -6*d + 288 = -2*d. Suppose -d + 12 = -y*n. What is the remainder when n is divided by 8?
6
Suppose -206 = -5*b + u, 2*b - u - 11 - 69 = 0. What is the remainder when -186*(1 + (-10)/6) is divided by b?
40
Let f = 80 - 46. Suppose 4*s - f + 2 = 0. What is the remainder when 12 is divided by s?
4
Let c = 76 - 17. Let y be (-4)/(-8)*46 - -2. What is the remainder when c is divided by ((-10)/y)/(2/(-100))?
19
Let f(t) = 35*t - 10. Let v = 88 + -55. Calculate the remainder when f(4) is divided by v.
31
Let z = 241 + -222. Calculate the remainder when 31 is divided by z.
12
Let z(l) = -10*l - 4*l - 49 + 6*l - 7*l. Calculate the remainder when z(-7) is divided by 10.
6
Let m = 12 + -9. Suppose -m*i - i - 52 = 0. Let c = 24 + i. Calculate the remainder when c is divided by 3.
2
Suppose -408 = 101*z - 99*z. Let s = 19 - 6. What is the remainder when (z/(-8))/((-21)/(-28)) is divided by s?
8
Let b(v) = -v + 18. Let o be b(18). Suppose o = d - 3*p - 14, -14*d - 5*p + 107 = -10*d. What is the remainder when 67 is divided by d?
21
Let f = 659 + -656. Let t(v) = v - 3. Let d(z) = 1. Let c(g) = 2*d(g) + t(g). Calculate the remainder when f is divided by c(3).
1
Let s = -242 - -248. Suppose i + 0*i - 5*c + 8 = 0, -2*i - 2 = -3*c. Suppose 1 = -3*j + i*j - 2*a, -2*a = -j + 7. What is the remainder when s is divided by j?
0
Let n(v) = v**3 - 5*v**2 + 2. Let p be n(5). Let u be ((p - 4) + 0)*20. What is the remainder when 15 is divided by ((-6)/(-15))/((-2)/u)?
7
Let u(w) = -w + 15. Let c(d) = -d - 1. Let t(b) = 43*b. Let i(h) = -2*c(h) - t(h). Calculate the remainder when i(-1) is divided by u(0).
13
What is the remainder when 222 is divided by 6 + (-201)/(-4) + 117/156?
51
Suppose 5*w = -4*p + w + 36, 15 = 3*w. Suppose 6 = 3*k - 3*y, y - p + 2 = 5*k. Calculate the remainder when 3 is divided by k/5 - 144/(-45).
0
Let s be 3/(-6) + 2/(-4). Suppose -5 = 8*m - 133. Calculate the remainder when m is divided by (-1)/(s - 16/(-18)).
7
Suppose 0 = -4*g + 5*o + 8, -3*g + g = -2*o - 6. Suppose x = 2*x - g. Calculate the remainder when -2 + (3 + -20)*-2 is divided by x.
4
Let r(u) = -2*u**2 - 2*u + 1. Let h be r(1). Let g = 7 + h. Calculate the remainder when 259/g - (-4)/16 is divided by 17.
14
Let u(o) = 20*o**2 + 1. Let s be 9*141/45 - 8/(-10). Let h = -8 + s. Calculate the remainder when u(-2) is divided by h.
18
Let h(p) = -11*p + 14 + 6*p + 4*p. Calculate the remainder when h(11) is divided by 2.
1
What is the remainder when 93 is divided by -10*-4*21/56?
3
Let f(x) = x**2 + 8*x + 26. Suppose 0 = -3*g - o + 95, g = o + 13 + 12. What is the remainder when f(9) is divided by g?
29
Let a(k) = -k**2 - 25*k + 30. What is the remainder when 14 is divided by a(-26)?
2
Let p = -10 - 40. Let n = p - -151. Calcu